{"id":878,"date":"2026-08-13T18:06:05","date_gmt":"2026-08-13T18:06:05","guid":{"rendered":"https:\/\/alessioamaro.com\/?post_type=articolo&#038;p=878"},"modified":"2026-08-13T18:06:06","modified_gmt":"2026-08-13T18:06:06","slug":"perche-la-latenza-conta-piu-della-velocita","status":"publish","type":"articolo","link":"https:\/\/alessioamaro.com\/it\/articolo\/perche-la-latenza-conta-piu-della-velocita\/","title":{"rendered":"Perch\u00e9 la latenza conta pi\u00f9 della velocit\u00e0"},"content":{"rendered":"<p class=\"wp-block-paragraph\">Quando si parla di connessione internet guardiamo quasi sempre un numero: i Mbps. Pi\u00f9 sono alti, migliore deve essere la connessione. In realt\u00e0, nell&#8217;utilizzo quotidiano, la velocit\u00e0 pura racconta solo una parte della storia.<\/p>\n\n\n\n<p class=\"wp-block-paragraph\">La latenza \u00e8, semplificando, il tempo che impiega un dato ad andare da un punto all&#8217;altro e tornare indietro. Puoi avere una connessione velocissima e tantissima banda disponibile, ma se ogni richiesta impiega troppo tempo a ricevere una risposta, tutto continuer\u00e0 a sembrare lento. Lo noti soprattutto con desktop remoti, chiamate, gaming e applicazioni che devono comunicare continuamente in tempo reale.<\/p>\n\n\n\n<p class=\"wp-block-paragraph\">\u00c8 una di quelle cose che trovo interessanti perch\u00e9 dimostra quanto i numeri, da soli, possano essere fuorvianti. Una linea da 1 Gbps fa sicuramente una bella figura sulla carta, ma se dietro hai sistemi progettati male, server dall&#8217;altra parte del mondo o servizi che aspettano continuamente altri servizi, aggiungere altra banda non risolve automaticamente il problema.<\/p>\n\n\n\n<p class=\"wp-block-paragraph\">Alla fine \u00e8 un principio che vale anche oltre il networking: performance non significa soltanto fare pi\u00f9 cose al secondo. Molto spesso significa semplicemente ridurre il tempo perso tra una cosa e l&#8217;altra. Ed \u00e8 proprio l\u00ec che una tecnologia comincia davvero a sembrare veloce.<\/p>","protected":false},"excerpt":{"rendered":"<p>Parliamo quasi sempre delle connessioni internet in termini di velocit\u00e0, ma \u00e8 solo una parte del problema. Spesso \u00e8 la latenza a decidere se una tecnologia sembra immediata e fluida oppure stranamente lenta.<\/p>","protected":false},"featured_media":876,"template":"","meta":{"_acf_changed":false},"categories":[17],"class_list":["post-878","articolo","type-articolo","status-publish","has-post-thumbnail","hentry","category-infrastructure"],"acf":[],"yoast_head":"<!-- This site is optimized with the Yoast SEO plugin v28.4 - https:\/\/yoast.com\/product\/yoast-seo-wordpress\/ -->\n<title>Perch\u00e9 la latenza conta pi\u00f9 della velocit\u00e0<\/title>\n<meta name=\"robots\" content=\"index, follow, max-snippet:-1, max-image-preview:large, max-video-preview:-1\" \/>\n<link rel=\"canonical\" href=\"https:\/\/alessioamaro.com\/it\/articolo\/perche-la-latenza-conta-piu-della-velocita\/\" \/>\n<meta property=\"og:locale\" content=\"it_IT\" \/>\n<meta property=\"og:type\" content=\"article\" \/>\n<meta property=\"og:title\" content=\"Perch\u00e9 la latenza conta pi\u00f9 della velocit\u00e0\" \/>\n<meta property=\"og:description\" content=\"Parliamo quasi sempre delle connessioni internet in termini di velocit\u00e0, ma \u00e8 solo una parte del problema. Spesso \u00e8 la latenza a decidere se una tecnologia sembra immediata e fluida oppure stranamente lenta.\" \/>\n<meta property=\"og:url\" content=\"https:\/\/alessioamaro.com\/it\/articolo\/perche-la-latenza-conta-piu-della-velocita\/\" \/>\n<meta property=\"og:site_name\" content=\"Alessio Amaro\" \/>\n<meta property=\"article:modified_time\" content=\"2026-08-13T18:06:06+00:00\" \/>\n<meta property=\"og:image\" content=\"https:\/\/alessioamaro.com\/wp-content\/uploads\/2026\/08\/latency.png\" \/>\n\t<meta property=\"og:image:width\" content=\"1672\" \/>\n\t<meta property=\"og:image:height\" content=\"941\" \/>\n\t<meta property=\"og:image:type\" content=\"image\/png\" \/>\n<meta name=\"twitter:card\" content=\"summary_large_image\" \/>\n<meta name=\"twitter:label1\" content=\"Tempo di lettura stimato\" \/>\n\t<meta name=\"twitter:data1\" content=\"1 minuto\" \/>\n<script type=\"application\/ld+json\" class=\"yoast-schema-graph\">{\"@context\":\"https:\\\/\\\/schema.org\",\"@graph\":[{\"@type\":\"WebPage\",\"@id\":\"https:\\\/\\\/alessioamaro.com\\\/articolo\\\/perche-la-latenza-conta-piu-della-velocita\\\/\",\"url\":\"https:\\\/\\\/alessioamaro.com\\\/articolo\\\/perche-la-latenza-conta-piu-della-velocita\\\/\",\"name\":\"Perch\u00e9 la latenza conta pi\u00f9 della velocit\u00e0\",\"isPartOf\":{\"@id\":\"https:\\\/\\\/alessioamaro.com\\\/#website\"},\"primaryImageOfPage\":{\"@id\":\"https:\\\/\\\/alessioamaro.com\\\/articolo\\\/perche-la-latenza-conta-piu-della-velocita\\\/#primaryimage\"},\"image\":{\"@id\":\"https:\\\/\\\/alessioamaro.com\\\/articolo\\\/perche-la-latenza-conta-piu-della-velocita\\\/#primaryimage\"},\"thumbnailUrl\":\"https:\\\/\\\/alessioamaro.com\\\/wp-content\\\/uploads\\\/2026\\\/08\\\/latency.png\",\"datePublished\":\"2026-08-13T18:06:05+00:00\",\"dateModified\":\"2026-08-13T18:06:06+00:00\",\"breadcrumb\":{\"@id\":\"https:\\\/\\\/alessioamaro.com\\\/articolo\\\/perche-la-latenza-conta-piu-della-velocita\\\/#breadcrumb\"},\"inLanguage\":\"it-IT\",\"potentialAction\":[{\"@type\":\"ReadAction\",\"target\":[\"https:\\\/\\\/alessioamaro.com\\\/articolo\\\/perche-la-latenza-conta-piu-della-velocita\\\/\"]}]},{\"@type\":\"ImageObject\",\"inLanguage\":\"it-IT\",\"@id\":\"https:\\\/\\\/alessioamaro.com\\\/articolo\\\/perche-la-latenza-conta-piu-della-velocita\\\/#primaryimage\",\"url\":\"https:\\\/\\\/alessioamaro.com\\\/wp-content\\\/uploads\\\/2026\\\/08\\\/latency.png\",\"contentUrl\":\"https:\\\/\\\/alessioamaro.com\\\/wp-content\\\/uploads\\\/2026\\\/08\\\/latency.png\",\"width\":1672,\"height\":941},{\"@type\":\"BreadcrumbList\",\"@id\":\"https:\\\/\\\/alessioamaro.com\\\/articolo\\\/perche-la-latenza-conta-piu-della-velocita\\\/#breadcrumb\",\"itemListElement\":[{\"@type\":\"ListItem\",\"position\":1,\"name\":\"Home\",\"item\":\"https:\\\/\\\/alessioamaro.com\\\/\"},{\"@type\":\"ListItem\",\"position\":2,\"name\":\"Perch\u00e9 la latenza conta pi\u00f9 della velocit\u00e0\"}]},{\"@type\":\"WebSite\",\"@id\":\"https:\\\/\\\/alessioamaro.com\\\/#website\",\"url\":\"https:\\\/\\\/alessioamaro.com\\\/\",\"name\":\"Alessio Amaro\",\"description\":\"Digital Product Creator\",\"publisher\":{\"@id\":\"https:\\\/\\\/alessioamaro.com\\\/#\\\/schema\\\/person\\\/0d2efe75925afab610e4fcceeb49fdb3\"},\"potentialAction\":[{\"@type\":\"SearchAction\",\"target\":{\"@type\":\"EntryPoint\",\"urlTemplate\":\"https:\\\/\\\/alessioamaro.com\\\/?s={search_term_string}\"},\"query-input\":{\"@type\":\"PropertyValueSpecification\",\"valueRequired\":true,\"valueName\":\"search_term_string\"}}],\"inLanguage\":\"it-IT\"},{\"@type\":[\"Person\",\"Organization\"],\"@id\":\"https:\\\/\\\/alessioamaro.com\\\/#\\\/schema\\\/person\\\/0d2efe75925afab610e4fcceeb49fdb3\",\"name\":\"Alessio A\",\"image\":{\"@type\":\"ImageObject\",\"inLanguage\":\"it-IT\",\"@id\":\"https:\\\/\\\/alessioamaro.com\\\/wp-content\\\/uploads\\\/2026\\\/08\\\/logo-color.png\",\"url\":\"https:\\\/\\\/alessioamaro.com\\\/wp-content\\\/uploads\\\/2026\\\/08\\\/logo-color.png\",\"contentUrl\":\"https:\\\/\\\/alessioamaro.com\\\/wp-content\\\/uploads\\\/2026\\\/08\\\/logo-color.png\",\"width\":768,\"height\":768,\"caption\":\"Alessio A\"},\"logo\":{\"@id\":\"https:\\\/\\\/alessioamaro.com\\\/wp-content\\\/uploads\\\/2026\\\/08\\\/logo-color.png\"},\"sameAs\":[\"https:\\\/\\\/alessioamaro.com\"]}]}<\/script>\n<!-- \/ Yoast SEO plugin. -->","yoast_head_json":{"title":"Perch\u00e9 la latenza conta pi\u00f9 della velocit\u00e0","robots":{"index":"index","follow":"follow","max-snippet":"max-snippet:-1","max-image-preview":"max-image-preview:large","max-video-preview":"max-video-preview:-1"},"canonical":"https:\/\/alessioamaro.com\/it\/articolo\/perche-la-latenza-conta-piu-della-velocita\/","og_locale":"it_IT","og_type":"article","og_title":"Perch\u00e9 la latenza conta pi\u00f9 della velocit\u00e0","og_description":"Parliamo quasi sempre delle connessioni internet in termini di velocit\u00e0, ma \u00e8 solo una parte del problema. Spesso \u00e8 la latenza a decidere se una tecnologia sembra immediata e fluida oppure stranamente lenta.","og_url":"https:\/\/alessioamaro.com\/it\/articolo\/perche-la-latenza-conta-piu-della-velocita\/","og_site_name":"Alessio Amaro","article_modified_time":"2026-08-13T18:06:06+00:00","og_image":[{"width":1672,"height":941,"url":"https:\/\/alessioamaro.com\/wp-content\/uploads\/2026\/08\/latency.png","type":"image\/png"}],"twitter_card":"summary_large_image","twitter_misc":{"Tempo di lettura stimato":"1 minuto"},"schema":{"@context":"https:\/\/schema.org","@graph":[{"@type":"WebPage","@id":"https:\/\/alessioamaro.com\/articolo\/perche-la-latenza-conta-piu-della-velocita\/","url":"https:\/\/alessioamaro.com\/articolo\/perche-la-latenza-conta-piu-della-velocita\/","name":"Perch\u00e9 la latenza conta pi\u00f9 della velocit\u00e0","isPartOf":{"@id":"https:\/\/alessioamaro.com\/#website"},"primaryImageOfPage":{"@id":"https:\/\/alessioamaro.com\/articolo\/perche-la-latenza-conta-piu-della-velocita\/#primaryimage"},"image":{"@id":"https:\/\/alessioamaro.com\/articolo\/perche-la-latenza-conta-piu-della-velocita\/#primaryimage"},"thumbnailUrl":"https:\/\/alessioamaro.com\/wp-content\/uploads\/2026\/08\/latency.png","datePublished":"2026-08-13T18:06:05+00:00","dateModified":"2026-08-13T18:06:06+00:00","breadcrumb":{"@id":"https:\/\/alessioamaro.com\/articolo\/perche-la-latenza-conta-piu-della-velocita\/#breadcrumb"},"inLanguage":"it-IT","potentialAction":[{"@type":"ReadAction","target":["https:\/\/alessioamaro.com\/articolo\/perche-la-latenza-conta-piu-della-velocita\/"]}]},{"@type":"ImageObject","inLanguage":"it-IT","@id":"https:\/\/alessioamaro.com\/articolo\/perche-la-latenza-conta-piu-della-velocita\/#primaryimage","url":"https:\/\/alessioamaro.com\/wp-content\/uploads\/2026\/08\/latency.png","contentUrl":"https:\/\/alessioamaro.com\/wp-content\/uploads\/2026\/08\/latency.png","width":1672,"height":941},{"@type":"BreadcrumbList","@id":"https:\/\/alessioamaro.com\/articolo\/perche-la-latenza-conta-piu-della-velocita\/#breadcrumb","itemListElement":[{"@type":"ListItem","position":1,"name":"Home","item":"https:\/\/alessioamaro.com\/"},{"@type":"ListItem","position":2,"name":"Perch\u00e9 la latenza conta pi\u00f9 della velocit\u00e0"}]},{"@type":"WebSite","@id":"https:\/\/alessioamaro.com\/#website","url":"https:\/\/alessioamaro.com\/","name":"Alessio Amaro","description":"Digital Product Creator","publisher":{"@id":"https:\/\/alessioamaro.com\/#\/schema\/person\/0d2efe75925afab610e4fcceeb49fdb3"},"potentialAction":[{"@type":"SearchAction","target":{"@type":"EntryPoint","urlTemplate":"https:\/\/alessioamaro.com\/?s={search_term_string}"},"query-input":{"@type":"PropertyValueSpecification","valueRequired":true,"valueName":"search_term_string"}}],"inLanguage":"it-IT"},{"@type":["Person","Organization"],"@id":"https:\/\/alessioamaro.com\/#\/schema\/person\/0d2efe75925afab610e4fcceeb49fdb3","name":"Alessio A","image":{"@type":"ImageObject","inLanguage":"it-IT","@id":"https:\/\/alessioamaro.com\/wp-content\/uploads\/2026\/08\/logo-color.png","url":"https:\/\/alessioamaro.com\/wp-content\/uploads\/2026\/08\/logo-color.png","contentUrl":"https:\/\/alessioamaro.com\/wp-content\/uploads\/2026\/08\/logo-color.png","width":768,"height":768,"caption":"Alessio A"},"logo":{"@id":"https:\/\/alessioamaro.com\/wp-content\/uploads\/2026\/08\/logo-color.png"},"sameAs":["https:\/\/alessioamaro.com"]}]}},"jetpack_sharing_enabled":true,"_links":{"self":[{"href":"https:\/\/alessioamaro.com\/it\/wp-json\/wp\/v2\/articolo\/878","targetHints":{"allow":["GET"]}}],"collection":[{"href":"https:\/\/alessioamaro.com\/it\/wp-json\/wp\/v2\/articolo"}],"about":[{"href":"https:\/\/alessioamaro.com\/it\/wp-json\/wp\/v2\/types\/articolo"}],"wp:featuredmedia":[{"embeddable":true,"href":"https:\/\/alessioamaro.com\/it\/wp-json\/wp\/v2\/media\/876"}],"wp:attachment":[{"href":"https:\/\/alessioamaro.com\/it\/wp-json\/wp\/v2\/media?parent=878"}],"wp:term":[{"taxonomy":"category","embeddable":true,"href":"https:\/\/alessioamaro.com\/it\/wp-json\/wp\/v2\/categories?post=878"}],"curies":[{"name":"wp","href":"https:\/\/api.w.org\/{rel}","templated":true}]}}

Perché la latenza conta più della velocità

<p class="wp-block-paragraph">Quando si parla di connessione internet guardiamo quasi sempre un numero: i Mbps. Più sono alti, migliore deve essere la connessione. In realtà, nell&#8217;utilizzo quotidiano, la velocità pura racconta solo una parte della storia.</p>



<p class="wp-block-paragraph">La latenza è, semplificando, il tempo che impiega un dato ad andare da un punto all&#8217;altro e tornare indietro. Puoi avere una connessione velocissima e tantissima banda disponibile, ma se ogni richiesta impiega troppo tempo a ricevere una risposta, tutto continuerà a sembrare lento. Lo noti soprattutto con desktop remoti, chiamate, gaming e applicazioni che devono comunicare continuamente in tempo reale.</p>



<p class="wp-block-paragraph">È una di quelle cose che trovo interessanti perché dimostra quanto i numeri, da soli, possano essere fuorvianti. Una linea da 1 Gbps fa sicuramente una bella figura sulla carta, ma se dietro hai sistemi progettati male, server dall&#8217;altra parte del mondo o servizi che aspettano continuamente altri servizi, aggiungere altra banda non risolve automaticamente il problema.</p>



<p class="wp-block-paragraph">Alla fine è un principio che vale anche oltre il networking: performance non significa soltanto fare più cose al secondo. Molto spesso significa semplicemente ridurre il tempo perso tra una cosa e l&#8217;altra. Ed è proprio lì che una tecnologia comincia davvero a sembrare veloce.</p>

<p>Parliamo quasi sempre delle connessioni internet in termini di velocità, ma è solo una parte del problema. Spesso è la latenza a decidere se una tecnologia sembra immediata e fluida oppure stranamente lenta.</p>

<!-- This site is optimized with the Yoast SEO plugin v28.4 - https://yoast.com/product/yoast-seo-wordpress/ -->
<title>Perché la latenza conta più della velocità</title>
<meta name="robots" content="index, follow, max-snippet:-1, max-image-preview:large, max-video-preview:-1" />
<link rel="canonical" href="https://alessioamaro.com/it/articolo/perche-la-latenza-conta-piu-della-velocita/" />
<meta property="og:locale" content="it_IT" />
<meta property="og:type" content="article" />
<meta property="og:title" content="Perché la latenza conta più della velocità" />
<meta property="og:description" content="Parliamo quasi sempre delle connessioni internet in termini di velocità, ma è solo una parte del problema. Spesso è la latenza a decidere se una tecnologia sembra immediata e fluida oppure stranamente lenta." />
<meta property="og:url" content="https://alessioamaro.com/it/articolo/perche-la-latenza-conta-piu-della-velocita/" />
<meta property="og:site_name" content="Alessio Amaro" />
<meta property="article:modified_time" content="2026-08-13T18:06:06+00:00" />
<meta property="og:image" content="https://alessioamaro.com/wp-content/uploads/2026/08/latency.png" />
	<meta property="og:image:width" content="1672" />
	<meta property="og:image:height" content="941" />
	<meta property="og:image:type" content="image/png" />
<meta name="twitter:card" content="summary_large_image" />
<meta name="twitter:label1" content="Tempo di lettura stimato" />
	<meta name="twitter:data1" content="1 minuto" />
<script type="application/ld+json" class="yoast-schema-graph">{"@context":"https:\/\/schema.org","@graph":[{"@type":"WebPage","@id":"https:\/\/alessioamaro.com\/articolo\/perche-la-latenza-conta-piu-della-velocita\/","url":"https:\/\/alessioamaro.com\/articolo\/perche-la-latenza-conta-piu-della-velocita\/","name":"Perché la latenza conta più della velocità","isPartOf":{"@id":"https:\/\/alessioamaro.com\/#website"},"primaryImageOfPage":{"@id":"https:\/\/alessioamaro.com\/articolo\/perche-la-latenza-conta-piu-della-velocita\/#primaryimage"},"image":{"@id":"https:\/\/alessioamaro.com\/articolo\/perche-la-latenza-conta-piu-della-velocita\/#primaryimage"},"thumbnailUrl":"https:\/\/alessioamaro.com\/wp-content\/uploads\/2026\/08\/latency.png","datePublished":"2026-08-13T18:06:05+00:00","dateModified":"2026-08-13T18:06:06+00:00","breadcrumb":{"@id":"https:\/\/alessioamaro.com\/articolo\/perche-la-latenza-conta-piu-della-velocita\/#breadcrumb"},"inLanguage":"it-IT","potentialAction":[{"@type":"ReadAction","target":["https:\/\/alessioamaro.com\/articolo\/perche-la-latenza-conta-piu-della-velocita\/"]}]},{"@type":"ImageObject","inLanguage":"it-IT","@id":"https:\/\/alessioamaro.com\/articolo\/perche-la-latenza-conta-piu-della-velocita\/#primaryimage","url":"https:\/\/alessioamaro.com\/wp-content\/uploads\/2026\/08\/latency.png","contentUrl":"https:\/\/alessioamaro.com\/wp-content\/uploads\/2026\/08\/latency.png","width":1672,"height":941},{"@type":"BreadcrumbList","@id":"https:\/\/alessioamaro.com\/articolo\/perche-la-latenza-conta-piu-della-velocita\/#breadcrumb","itemListElement":[{"@type":"ListItem","position":1,"name":"Home","item":"https:\/\/alessioamaro.com\/"},{"@type":"ListItem","position":2,"name":"Perché la latenza conta più della velocità"}]},{"@type":"WebSite","@id":"https:\/\/alessioamaro.com\/#website","url":"https:\/\/alessioamaro.com\/","name":"Alessio Amaro","description":"Digital Product Creator","publisher":{"@id":"https:\/\/alessioamaro.com\/#\/schema\/person\/0d2efe75925afab610e4fcceeb49fdb3"},"potentialAction":[{"@type":"SearchAction","target":{"@type":"EntryPoint","urlTemplate":"https:\/\/alessioamaro.com\/?s={search_term_string}"},"query-input":{"@type":"PropertyValueSpecification","valueRequired":true,"valueName":"search_term_string"}}],"inLanguage":"it-IT"},{"@type":["Person","Organization"],"@id":"https:\/\/alessioamaro.com\/#\/schema\/person\/0d2efe75925afab610e4fcceeb49fdb3","name":"Alessio A","image":{"@type":"ImageObject","inLanguage":"it-IT","@id":"https:\/\/alessioamaro.com\/wp-content\/uploads\/2026\/08\/logo-color.png","url":"https:\/\/alessioamaro.com\/wp-content\/uploads\/2026\/08\/logo-color.png","contentUrl":"https:\/\/alessioamaro.com\/wp-content\/uploads\/2026\/08\/logo-color.png","width":768,"height":768,"caption":"Alessio A"},"logo":{"@id":"https:\/\/alessioamaro.com\/wp-content\/uploads\/2026\/08\/logo-color.png"},"sameAs":["https:\/\/alessioamaro.com"]}]}</script>
<!-- / Yoast SEO plugin. -->

Parliamo quasi sempre delle connessioni internet in termini di velocità, ma è solo una parte del problema. Spesso è la latenza a decidere se una tecnologia sembra immediata e fluida oppure stranamente lenta.
